{"id":5949,"date":"2024-04-18T10:57:01","date_gmt":"2024-04-18T14:57:01","guid":{"rendered":"https:\/\/mercybarcafe.com\/index.php\/product\/cajon-de-helado-paquete-de-galleta\/"},"modified":"2024-05-02T00:36:00","modified_gmt":"2024-05-02T04:36:00","slug":"cajon-de-helado-paquete-de-galleta","status":"publish","type":"product","link":"https:\/\/mercybarcafe.com\/index.php\/product\/cajon-de-helado-paquete-de-galleta\/","title":{"rendered":"Caj\u00f3n de helado + paquete de galleta"},"content":{"rendered":"<p>Caj\u00f3n de helado Nestl\u00e9 4.5lt( sabor seg\u00fan disponibilidad)<\/p>\n<p>Paquete de galleta 240g.<\/p>\n","protected":false},"excerpt":{"rendered":"<p>Caj\u00f3n de helado Nestl\u00e9 4.5lt( sabor seg\u00fan disponibilidad) Paquete de galleta 240g.<\/p>\n","protected":false},"featured_media":5948,"template":"","meta":{"om_disable_all_campaigns":false,"inline_featured_image":false,"_joinchat":[]},"product_cat":[98],"product_tag":[],"aioseo_notices":[],"jetpack_sharing_enabled":true,"_links":{"self":[{"href":"https:\/\/mercybarcafe.com\/index.php\/wp-json\/wp\/v2\/product\/5949"}],"collection":[{"href":"https:\/\/mercybarcafe.com\/index.php\/wp-json\/wp\/v2\/product"}],"about":[{"href":"https:\/\/mercybarcafe.com\/index.php\/wp-json\/wp\/v2\/types\/product"}],"version-history":[{"count":1,"href":"https:\/\/mercybarcafe.com\/index.php\/wp-json\/wp\/v2\/product\/5949\/revisions"}],"predecessor-version":[{"id":6149,"href":"https:\/\/mercybarcafe.com\/index.php\/wp-json\/wp\/v2\/product\/5949\/revisions\/6149"}],"wp:featuredmedia":[{"embeddable":true,"href":"https:\/\/mercybarcafe.com\/index.php\/wp-json\/wp\/v2\/media\/5948"}],"wp:attachment":[{"href":"https:\/\/mercybarcafe.com\/index.php\/wp-json\/wp\/v2\/media?parent=5949"}],"wp:term":[{"taxonomy":"product_cat","embeddable":true,"href":"https:\/\/mercybarcafe.com\/index.php\/wp-json\/wp\/v2\/product_cat?post=5949"},{"taxonomy":"product_tag","embeddable":true,"href":"https:\/\/mercybarcafe.com\/index.php\/wp-json\/wp\/v2\/product_tag?post=5949"}],"curies":[{"name":"wp","href":"https:\/\/api.w.org\/{rel}","templated":true}]}}